0 is divided by 13/13 + (360 - (-12 - -6)).
360
Let t = 173 + 3423. Calculate the remainder when t is divided by 36.
32
Let z = 9 + -1. Suppose -g - 34 = -5*b, 0 = z*g - 4*g - 4*b + 104. Let d = 43 + g. What is the remainder when 73 is divided by d?
16
Let n be 2/((-2)/(-3)) - 2. Calculate the remainder when (-5301)/(-186) + (n/(-2) - -1) is divided by 217/21 - (-1)/(-3).
9
Suppose -1074 = -79*j - 47. Let r be (2 + (-1 - -1056))/1. What is the remainder when r/28 - 2/(-8) is divided by j?
12
Let l = -6350 + 6642. What is the remainder when l is divided by 22?
6
Let g be 24/(-9) + 3/(-9) + 212. Suppose 0 = -188*n + g*n - 252. What is the remainder when 275 is divided by n?
11
Suppose -27*r + 22*r + 3*u = -46379, -12*r + 4*u = -111332. Calculate the remainder when r is divided by 22.
18
Let l = 415 - 413. Let b = 37 + -33. What is the remainder when b is divided by l?
0
Calculate the remainder when 6/8 - ((-197433)/276 + 74/851) is divided by 233.
17
Let d be ((-5)/10)/((-8)/(-12384)). Let x = 789 + d. What is the remainder when 147 is divided by x?
12
Let t(s) = -s**2 + 6*s + 2325. Calculate the remainder when 302 is divided by t(51).
2
Let b be (112/6)/(4/6). Suppose 0 = 4*r - t - b, -t = -3*r - 2*t + 28. What is the remainder when 35 is divided by 1 + (-14)/r + 664/32?
15
Let c(h) be the first derivative of h**3/3 + 3*h**2/2 + 8*h + 8. Calculate the remainder when c(-9) is divided by 13.
10
Let t = -2410 - -2403. Let g(s) = -5 - 7*s - 3 + 0. Calculate the remainder when g(t) is divided by 15.
11
Suppose 0 = -z + 3*f + 47 + 58, -4*z + f = -475. What is the remainder when 859 is divided by z?
19
Let a be ((-6)/(-6) + 173)*2/4. Suppose 5*o - a = -37. Calculate the remainder when 21 is divided by o.
1
Let b = -1 + 5. Suppose -2*p + b*p = 64. What is the remainder when 1 + 0 + 0 + 98 + 26 is divided by p?
29
Let v(k) = -k**3 + 8*k**2 - 8*k - 21. Let w be v(6). Suppose -41 - 115 = w*j. Calculate the remainder when 60 is divided by 430/14 - (-4 + j/(-14)).
29
Let b(r) = 744*r - 4748. Calculate the remainder when b(7) is divided by 59.
47
Suppose -19*b + 1520 = 19*b. Let k(o) = o**3 - 39*o**2 - 38*o + 76. What is the remainder when k(b) is divided by 56?
44
Suppose 0 = 46*c - 31268 - 14548. Calculate the remainder when c is divided by 86.
50
Suppose -v + 2*t - 4 = 0, -3*v - 18 - 24 = 4*t. Let c(a) = -a**3 - 11*a**2 - 13*a - 2. Suppose -y + 0*y = -16. What is the remainder when c(v) is divided by y?
12
Let m(q) = 5*q**3 + 2 + 0*q**3 - q**3 - 6 - 2*q**2. Suppose 0 = -2*h + 4, 2*g + 3*h - 41 = -3*g. What is the remainder when m(2) is divided by g?
6
Let g(k) = 53*k**2 - 19*k - 39. Calculate the remainder when 994 is divided by g(-3).
4
Calculate the remainder when 1610 is divided by (-13)/(-26)*0 - (3/(-3) + -12).
11
Suppose 10*k + 6 = -54. Calculate the remainder when 48 is divided by 18/(-42)*k*7.
12
Suppose -24 = -0*o - 6*o. Suppose 4*m + 6 = 5*a - 3*a, o*a - 12 = -5*m. Suppose m = 25*s - 21*s - 56. Calculate the remainder when 39 is divided by s.
11
Let i(v) = v**3 + v**2 - 63*v - 25. Calculate the remainder when 540 is divided by i(8).
23
Let y be -4 - (-7 + 7)/(-5). Let o = 22 + -16. Calculate the remainder when o is divided by (y/6)/(0 + 1/(-6)).
2
Let b = 218 - 170. Let j(x) = x**2 - 4*x + 14. What is the remainder when b is divided by j(0)?
6
Let b = -911 - -513. Let g = b - -418. Let q = 9 - -22. What is the remainder when q is divided by g?
11
Suppose 0 = -5*p - 2*d - 1153, -6*p = -2*p + 5*d + 919. Let u = 614 + p. Calculate the remainder when u is divided by 77.
75
Let u be 3220/28*((-7)/5 + 1). Let f = u - -91. Suppose 0 = -5*y + 22 + 48. Calculate the remainder when f is divided by y.
3
Let c(l) = l**2 + 9*l + 85. Let k be c(15). Suppose 39*p - 1154 = k. Calculate the remainder when 163 is divided by p.
40
Let g = -849 - -1158. Suppose -2*q + 4 = -14. Suppose -q*o - 3 = -g. Calculate the remainder when 101 is divided by o.
33
Suppose 4*u + 168 = 5*u. Suppose -18*o = 6*o - u. What is the remainder when o is divided by 4?
3
Let h = 152 - 149. What is the remainder when 83 is divided by 1*21/h*(-1 + 2)?
6
Let o be (-25)/125 + -2 + 8/(-10). Let r be -9*1/o + 1. Calculate the remainder when 16 is divided by (-1)/(4*r/16)*-5.
1
Calculate the remainder when 4586 is divided by 47929/1066 - 2/(-52).
41
Suppose 0 = 5*l + q - 35 - 118, 0 = -4*q - 8. Suppose 3*k = a - 26, -3*a - 2*a - 5*k + 70 = 0. What is the remainder when l is divided by a?
14
Let x(q) = q + 69. Let f(i) = 14*i - 5. Let g be f(1). What is the remainder when x(g) is divided by 14?
8
Suppose -4*c + 38 = f, -17 = -c - 2*f - 2*f. Suppose -3*d + 23 = 2*q, -45*d + q - c = -46*d. Calculate the remainder when 13 is divided by d.
3
Suppose 6*d - 1928 + 2 = 0. Calculate the remainder when d is divided by 88.
57
Let n(m) = -602*m - 5938. Calculate the remainder when n(-30) is divided by 141.
137
Let x be 18 - 16 - (-2 + 4). Suppose x = 32*d - 20*d - 1548. Let w(v) = 18*v - 3. What is the remainder when d is divided by w(2)?
30
Suppose c + 166 = 4*t, 3*t + c - 28 = 93. Calculate the remainder when 2989 is divided by t.
37
Suppose -6*p - 64 = -q - 5*p, 3*q - 4*p - 196 = 0. Let j = q + -31. Calculate the remainder when j is divided by 15.
14
Let u(p) = -5*p - 8. Let j(x) = -30*x + 2157. What is the remainder when j(69) is divided by u(-3)?
3
Let s be (118/3)/(2*(-4)/144). What is the remainder when (-8)/52 - (-4 + s/39) is divided by 12?
10
Suppose 218*q - 30 = 212*q. Suppose 11*w + 38 = 15*w + q*h, 0 = -4*w - 4*h + 40. What is the remainder when 107 is divided by w?
11
Let a = 3848 + -3769. Calculate the remainder when a is divided by 27.
25
Let j = 3091 + -987. What is the remainder when j is divided by 162?
160
Let u(i) = -228*i**2 + 31*i + 3. Let d(c) = -76*c**2 + 11*c + 1. Let o(y) = 8*d(y) - 3*u(y). Calculate the remainder when o(-1) is divided by 25.
5
Let l = -10 + 0. Suppose 245*d = a + 247*d - 23, -3*a - d = -29. What is the remainder when l/(-1) - (-3 - -3) is divided by a?
3
Let p = -3 - 5. Let q(j) = -j + 11. Suppose 103*x + 1433 - 10806 = 0. Calculate the remainder when x is divided by q(p).
15
Suppose 6 = 6*o - 12. Suppose 146 + 16 = -o*g. What is the remainder when 21 is divided by (-12)/6 + g/(-3)?
5
Suppose -3*z + 85 = 4*o, -z = -o - 6*z + 34. Let p = -155 + 550. What is the remainder when p is divided by o?
15
Suppose 2*a - 4*t = a + 29, 137 = 4*a + 5*t. Let j be a/3 - (-1 - -5). Suppose -j*p + 26 = -79. What is the remainder when 44 is divided by p?
14
Suppose 17*k - 15*k - 76 = 0. Suppose k*p + 150 = 41*p. Suppose p = 2*a + 14. What is the remainder when 34 is divided by a?
16
Let q be 3 - 0*(-6)/24. Let h(b) = 21*b - 23*b + 3 + 2 + 12*b**2. What is the remainder when h(q) is divided by 36?
35
Suppose -h = h - 124. Suppose -5*l + 2*i + 107 = -9, 0 = -3*l + 5*i + 81. Calculate the remainder when h is divided by l.
18
Let h be ((-4)/3 - -2) + 9/27. Let n be 6/(212/(-200) + h). Calculate the remainder when 49 is divided by (2/4)/((-2)/n*1).
24
Let s = 2832 - 2784. What is the remainder when s is divided by 44?
4
Suppose 0 = 53*g - 28*g - 14*g - 352. Calculate the remainder when 137 is divided by g.
9
Let a be (150/(-20))/((-2)/8). What is the remainder when 38 is divided by (1 + (-69)/(-15))*a/12?
10
Suppose 42189 = f + 5*m, -78*f + 81*f = -6*m + 126549. Calculate the remainder when f is divided by 37.
36
Let g(a) = a - 1. Let c = 188 - 177. Suppose -c = m - 13. Calculate the remainder when m is divided by g(2).
0
Let v be 18/(-180) - (-2307)/(-30). Calculate the remainder when 95 is divided by 48/80 + v/(-5).
15
Suppose 2*j - 3*i - 66 = -j, 2*i - 64 = -4*j. Suppose -17*w = -16*w - j. Let l(x) = -14*x + 77. Calculate the remainder when w is divided by l(5).
4
Let w be (-42)/8 + (372/(-48) - -8). Let y = w + 16. What is the remainder when y is divided by 5?
1
Let s be (-4)/(-22) - 23226/(-154). Let l = s + -149. What is the remainder when 7 is divided by l?
1
Suppose -5*s + 4*i + 67 = 0, 667 - 747 = -5*s + 5*i. Let r = -88 - -133. Calculate the remainder when r is divided by s.
0
Let z be 6/3 - 2*-1. Suppose -43*h + 53 + 205 = 0. Suppose -3*g + h*n - 3 = n, -16 = -g - z*n. What is the remainder when g is divided by 3?
1
Let w = 8103 - 8053. Let c = 4 - -10. Calculate the re